t a = -48 - -59. List the prime factors of a.
11
What are the prime factors of (-138)/3*(-2 - 3/(-6))?
3, 23
Suppose -5*r = 4*r - 621. What are the prime factors of r?
3, 23
Let l = -8 + 5. Let f = l - -9. List the prime factors of f.
2, 3
Suppose -2*y = y. Suppose j + 5*u - 15 = 0, 2*j - u + 0 + 3 = y. Suppose j*r - r = -l + 8, 0 = -4*l + 5*r + 28. What are the prime factors of l?
2, 3
Let v(n) = -n**3 + 3*n**2 + 4*n - 2. Let w be v(4). List the prime factors of w*(-2 + 7)*-1.
2, 5
Let j be ((-1)/(-3))/(2/24). Suppose 2 - j = c. List the prime factors of 16/10 + c/(-5).
2
Suppose 2*b + 179 = 3*g, 2*b - 44 = -3*g + 143. List the prime factors of g.
61
Suppose -3 = -3*v + 3. Suppose -4 = v*q + 4*l, -q + 0 - 4 = 4*l. Suppose -2*p + 3*w = -20 + 1, -5*p + 2*w + 53 = q. List the prime factors of p.
11
Let d = -14 + 27. What are the prime factors of d?
13
Let h(p) = p**2 - 5*p + 8. Suppose -18 = -n - 2*n. Let q be h(n). Suppose -x = k - q, -3*k + 5*x = -0*k - 26. List the prime factors of k.
2, 3
Suppose -r = r - 46. What are the prime factors of r?
23
Let z = 8 - -8. List the prime factors of z.
2
What are the prime factors of 1/(-2 - (-303)/151)?
151
Suppose 216 = 5*f - 79. List the prime factors of f.
59
Let c(i) be the second derivative of 2*i**3/3 - 5*i**2/2 - i. List the prime factors of c(4).
11
Let z = 29 + 77. List the prime factors of z.
2, 53
Let q(f) = -f + 9. Let g be q(6). Suppose g - 28 = -5*a. What are the prime factors of a?
5
Suppose 4 + 8 = 2*m. Suppose 4*b - m = b. Suppose 2*s = -4*u + 20, -2*u - 26 = -7*u - b*s. What are the prime factors of u?
2, 3
Let c(b) = 2*b**2 - 2*b. Let q be (4/(-6) - 0)*3. Let u be q - (16 + -1)/(-3). List the prime factors of c(u).
2, 3
Let l(f) = -f + 3. Let k = 13 - 20. List the prime factors of l(k).
2, 5
Let p be (-1 + -1)*1 - -36. Suppose 0 = 2*m - 1 - 7. Suppose v + 30 = r + 3*r, m*r - p = -v. List the prime factors of r.
2
Let h be ((-3)/6 + 1)*62. List the prime factors of 0 + h - (-2)/(-1).
29
Let q(g) = 6*g. Let m be q(5). Let j = 47 - m. List the prime factors of j.
17
List the prime factors of ((-1032)/21 - -4)*14/(-4).
2, 79
Suppose -221 = -5*m + 114. List the prime factors of m.
67
Suppose 26 = -3*s - 2*x, 3*x + 21 = -2*s - 2*x. List the prime factors of (30/s)/((-1)/12).
3, 5
Suppose 6 = 2*d, 0 = v - 2*v + d + 32. List the prime factors of v.
5, 7
Suppose 0 = p - 5*j + 13, j - 1 = 2*p - p. Suppose -2*l + 4*k = 3*l - 11, -p*k - 10 = -4*l. List the prime factors of l/9 + 58/6.
2, 5
Let p(u) = -2*u**3 + 4*u**2 - 3*u + 1. Let d be p(2). Let y = -2 - d. What are the prime factors of y?
3
Suppose -4*t = -t + 6. What are the prime factors of ((-6)/(-4))/(t/(-8))?
2, 3
Let y = 0 + 3. Let h be (y/6)/(3/18). Suppose -o - 6 = o - 4*i, 5*o + h*i = 24. List the prime factors of o.
3
What are the prime factors of ((-145)/10)/((-2)/4)?
29
Let b(m) = m**2 - 15*m + 20. Let q be b(14). Suppose q*t - 38 = -8. What are the prime factors of t?
5
Let t = -1 + -4. Let k = 13 + t. Suppose 4*h - k = 8. What are the prime factors of h?
2
Let t(m) = -m**3 - 2*m**2 - 2*m - 2. Let h = 0 - -10. Let r be (-42)/15 + (-2)/h. What are the prime factors of t(r)?
13
Suppose -4*u + 142 = -22. What are the prime factors of u?
41
Let t = 0 + 1. What are the prime factors of (-16 - -5)/(0 - t)?
11
Let m(n) = 4*n**3 + 2*n**2 - n - 1. What are the prime factors of m(2)?
37
Let j(v) = -8*v - 1. Let k be j(-1). Let f(u) = -u**3 + 8*u**2 - 2*u - 7. What are the prime factors of f(k)?
2, 7
Suppose 0 = 3*i + 5*l + 14, -5*i = 3*l - 5*l + 13. What are the prime factors of (-34)/((-2)/(-3)*i)?
17
Let p(i) = i**3 - 3*i**2 + 2*i - 3. Let t be p(3). List the prime factors of (-1)/t - 1050/(-45).
23
Let w = 35 - 1. What are the prime factors of w?
2, 17
Let z = 104 - 54. Let p = -30 + z. What are the prime factors of p?
2, 5
Let v = -10 + 20. Let d be 18/(-5) + (-4)/v. List the prime factors of -2*2*11/d.
11
Suppose 2*b = 4*f - 46, -b + 41 - 9 = 3*f. Let h = f - 9. List the prime factors of h.
2
Let m(z) = 2*z + 3. Let s be m(2). Suppose 4 = 2*r - 0. Let u = s - r. What are the prime factors of u?
5
Let m(d) = -4*d. Let v(a) = -3*a. Let s(j) = 5*m(j) - 6*v(j). What are the prime factors of s(-6)?
2, 3
Let b be 1 + -3 - (-6)/2. Let a(d) = 16*d. What are the prime factors of a(b)?
2
Suppose -3*d - 2*d + 70 = 0. Let y(h) = -2 + 3*h**2 - d*h + 3 + 15*h. What are the prime factors of y(2)?
3, 5
Let t(p) = p - 4 - 3*p - 2 + 0*p. Let m be t(-4). Suppose z + m = 11. List the prime factors of z.
3
Suppose 0 = 5*t - 17 + 2, 2*p - 2*t = -6. Suppose -5*o - 3 - 7 = p. What are the prime factors of (-1)/(21/12 + o)?
2
Let z = 11 - 1. Suppose -5*m + 180 = z. What are the prime factors of m?
2, 17
Let g be 2 + (-1 - -1) + -9. Let v = g - -13. Let m(r) = r**3 - 5*r**2 - 5*r + 8. What are the prime factors of m(v)?
2, 7
Let p(f) = 1. Let i(l) = 2*l + 5. Let c(m) = -i(m) + p(m). Let j(n) = -n**3 - 5*n**2 - 5*n - 3. Let g be j(-3). What are the prime factors of c(g)?
2
Let r(t) be the third derivative of -t**4/24 - 5*t**3/6 - 3*t**2. Let w be r(-7). Suppose -w*y + 6*y = 48. What are the prime factors of y?
2, 3
Let d(r) = -r**3 - 4*r**2 - 3. Let y be d(-5). Let m = y + -13. Suppose 0 = v - m - 0. List the prime factors of v.
3
Let u(b) = -3*b**3 - 6*b**2 + 4*b - 1. Let r(j) = -7*j**3 - 12*j**2 + 8*j - 1. Let h(q) = -2*r(q) + 5*u(q). What are the prime factors of h(-7)?
2, 3
Suppose -3*s - 186 = 3*s. Let y = -7 - s. What are the prime factors of y?
2, 3
Suppose 2*k - 6*z = -z + 16, 0 = k - z - 14. What are the prime factors of k?
2, 3
Suppose -3*y - d - 3*d = -18, 2*y = -3*d + 13. Suppose -3*h + 3 = -y*h. List the prime factors of h.
3
Suppose 4*s - 3*s = 0, 5*s = -5*z + 60. List the prime factors of z.
2, 3
Let t(u) = -u + 11. Let h be t(11). Suppose h = 2*x + 3*x - 10. What are the prime factors of x?
2
List the prime factors of 2116/9 + (-3)/27.
5, 47
Let j be ((-1)/(-2))/((-1)/64). Let a = 58 + j. List the prime factors of a.
2, 13
Let g(h) = -4*h + 1. Let t be g(-6). Suppose -5*s + k + t = 0, -s + 2*k - 7 = -3. What are the prime factors of s?
2, 3
Let l = -17 - -10. Let x(r) = -r**3 - 8*r**2 - 6*r - 8. Let g be x(l). What are the prime factors of (12/g)/(8/(-180))?
2, 3
Let o = 40 - 26. Let n = o - 6. List the prime factors of n.
2
Suppose 3*w - 65 = 13. List the prime factors of w.
2, 13
Let i(h) = h**3 + 2*h**2 + 2. Let j be i(-3). Let y = -5 - j. What are the prime factors of ((-28)/(-8))/(1/y)?
7
Suppose 3*h - 91 - 179 = 0. List the prime factors of h.
2, 3, 5
Let u = 366 + -193. What are the prime factors of u?
173
Let b = -128 - -179. Let w = -33 + b. List the prime factors of w.
2, 3
Suppose 186 = 2*i - j, -118 = -i - 3*j - 25. List the prime factors of i.
3, 31
Let j be (1/3)/(8/48). Suppose -4*k + 36 = j*y, -1 + 7 = k + 2*y. Suppose 0 = b + 3, -1 = 3*n + b - k. List the prime factors of n.
2
Suppose 2*o - 2 = 4*q + 12, 0 = q - 4*o. What are the prime factors of (-18)/(-5) - q/10?
2
Let d = -34 - -53. List the prime factors of d.
19
Let z = 2 + -3. Let h be 154/35 + (-4)/10. Let r = h + z. What are the prime factors of r?
3
Let x(p) be the first derivative of 2*p**3/3 + 9*p + 7. What are the prime factors of x(0)?
3
Suppose -4*i + 4 = -3*n + 1, -2*i = n - 9. Suppose 145 = 2*d + i*d. List the prime factors of d.
29
Suppose -60 + 16 = -2*m. What are the prime factors of m?
2, 11
Let a be 5 - 0 - (0 + 1). Suppose 3*x + 5*c + 0*c = -a, -3*c = 6. List the prime factors of x.
2
Let k(b) = 34*b - 5. List the prime factors of k(1).
29
Suppose 12 - 28 = -4*m. Suppose 3*l = 2*l - m. Let u(f) = -f**2 - 6*f + 1. List the prime factors of u(l).
3
Let r(n) = -3*n - 8. Let d be r(-6). Suppose 5*v + 5 = d. Let f = v + 2. List the prime factors of f.
3
List the prime factors of (62/(-8))/((-7)/140).
5, 31
Suppose 0 = 3*h + 2*f + 2*f - 29, -7 = h - 2*f. List the prime factors of h + -2*3 + 14.
11
Let l = 20 - 12. What are the prime factors of l?
2
Suppose 0 = -0*h - 2*h. Suppose h = 2*l - 4 - 22. List the prime factors of l.
13
Let d(k) = -k - k + 3*k + 1 + 4. Let t be d(-5). Suppose t = -5*z + 10 + 35. What are the prime factors of z?
3
Suppose -4*h = o + 4*o - 56, 4*o - 2*h - 50 = 0. Let l = o + -8. Suppose -3*r = -l*r + 13. List the prime factors of r.
13
S